{"id":1546,"date":"2022-07-30T09:21:15","date_gmt":"2022-07-30T12:21:15","guid":{"rendered":"https:\/\/cienciasbahia.org.br\/novo\/?page_id=1546"},"modified":"2025-10-14T19:32:21","modified_gmt":"2025-10-14T22:32:21","slug":"estrutura","status":"publish","type":"page","link":"https:\/\/cienciasbahia.org.br\/novo\/estrutura\/","title":{"rendered":"ESTRUTURA"},"content":{"rendered":"<p data-start=\"106\" data-end=\"173\"><strong data-start=\"106\" data-end=\"133\">Diretoria<\/strong><\/p>\n<p>Roberto Figueira Santos<br data-start=\"133\" data-end=\"136\" \/>Presidente de Honra <em data-start=\"156\" data-end=\"171\">(in memoriam)<\/em><\/p>\n<p data-start=\"175\" data-end=\"213\"><strong data-start=\"175\" data-end=\"198\">Manoel Barral Netto<\/strong><br data-start=\"198\" data-end=\"201\" \/>Presidente<\/p>\n<p data-start=\"215\" data-end=\"267\"><strong data-start=\"215\" data-end=\"247\">Suani Tavares Rubim de Pinho<\/strong><br data-start=\"247\" data-end=\"250\" \/>Vice-Presidente<\/p>\n<p data-start=\"269\" data-end=\"322\"><strong data-start=\"269\" data-end=\"299\">Marilda de Souza Gon\u00e7alves<\/strong><br data-start=\"299\" data-end=\"302\" \/>Diretora Executiva<\/p>\n<p><strong>Conselho Diretor<\/strong><\/p>\n<p data-start=\"355\" data-end=\"444\"><strong data-start=\"355\" data-end=\"378\">Wilson Ara\u00fajo Lopes<\/strong><br data-start=\"378\" data-end=\"381\" \/>Representante da \u00c1rea de Ci\u00eancias Exatas, Agr\u00e1rias e da Terra<\/p>\n<p data-start=\"446\" data-end=\"523\"><strong data-start=\"446\" data-end=\"476\">Marilda de Souza Gon\u00e7alves<\/strong><br data-start=\"476\" data-end=\"479\" \/>Representante da \u00c1rea de Ci\u00eancias da Sa\u00fade<\/p>\n<p data-start=\"525\" data-end=\"620\"><strong data-start=\"525\" data-end=\"562\">Jo\u00e3o Carlos Salles Pires da Silva<\/strong><br data-start=\"562\" data-end=\"565\" \/>Representante da \u00c1rea de Filosofia e Ci\u00eancias Humanas<\/p>\n<p data-start=\"622\" data-end=\"719\"><strong data-start=\"622\" data-end=\"663\">Maria Theresa Oliva Marcilio de Souza<\/strong><br data-start=\"663\" data-end=\"666\" \/>Representante da \u00c1rea de Ci\u00eancias Sociais Aplicadas<\/p>\n<p data-start=\"721\" data-end=\"783\"><strong data-start=\"721\" data-end=\"748\">Luiz C\u00e9sar Alves Marfuz<\/strong><br data-start=\"748\" data-end=\"751\" \/>Representante da \u00c1rea de Artes<\/p>\n<p data-start=\"785\" data-end=\"843\"><strong data-start=\"785\" data-end=\"818\">Evelina de Carvalho S\u00e1 Hoisel<\/strong><br data-start=\"818\" data-end=\"821\" \/>Independente de \u00e1rea<\/p>\n<p data-start=\"845\" data-end=\"893\"><strong data-start=\"845\" data-end=\"868\">Robert Evan Verhine<\/strong><br data-start=\"868\" data-end=\"871\" \/>Independente de \u00e1rea<\/p>\n<p data-start=\"895\" data-end=\"962\"><strong data-start=\"895\" data-end=\"937\">Zelinda Margarida de Andrade Nery Le\u00e3o<\/strong><br data-start=\"937\" data-end=\"940\" \/>Independente de \u00e1rea<\/p>\n<p><strong>Conselho Fiscal<\/strong><\/p>\n<p data-start=\"994\" data-end=\"1142\"><strong data-start=\"994\" data-end=\"1029\">Roberto Fernandes Silva Andrade<\/strong><br data-start=\"1029\" data-end=\"1032\" \/><strong data-start=\"1032\" data-end=\"1055\">Milton Jos\u00e9 Porsani<\/strong><br data-start=\"1055\" data-end=\"1058\" \/><strong data-start=\"1058\" data-end=\"1096\">Leila Denise Alves Ferreira Amorim<\/strong><br data-start=\"1096\" data-end=\"1099\" \/><strong data-start=\"1099\" data-end=\"1127\">Silvio do Desterro Cunha<\/strong> \u2013 <em data-start=\"1130\" data-end=\"1140\">suplente<\/p>\n<p><\/em><strong>Secret\u00e1ria<br \/>\n<\/strong>Milena Barros<em data-start=\"1130\" data-end=\"1140\"><\/p>\n<p><\/em><\/p>\n","protected":false},"excerpt":{"rendered":"<p>Diretoria Roberto Figueira SantosPresidente de Honra (in memoriam) Manoel Barral NettoPresidente Suani Tavares Rubim de PinhoVice-Presidente Marilda de Souza Gon\u00e7alvesDiretora Executiva Conselho Diretor Wilson Ara\u00fajo LopesRepresentante da \u00c1rea de Ci\u00eancias Exatas, Agr\u00e1rias e da Terra Marilda de Souza Gon\u00e7alvesRepresentante da \u00c1rea de Ci\u00eancias da Sa\u00fade Jo\u00e3o Carlos Salles Pires da SilvaRepresentante da \u00c1rea de Filosofia [&hellip;]<\/p>\n","protected":false},"author":1,"featured_media":0,"parent":0,"menu_order":7,"comment_status":"closed","ping_status":"closed","template":"","meta":{"_et_pb_use_builder":"","_et_pb_old_content":"","_et_gb_content_width":"","footnotes":""},"class_list":["post-1546","page","type-page","status-publish","hentry"],"acf":[],"_links":{"self":[{"href":"https:\/\/cienciasbahia.org.br\/novo\/wp-json\/wp\/v2\/pages\/1546","targetHints":{"allow":["GET"]}}],"collection":[{"href":"https:\/\/cienciasbahia.org.br\/novo\/wp-json\/wp\/v2\/pages"}],"about":[{"href":"https:\/\/cienciasbahia.org.br\/novo\/wp-json\/wp\/v2\/types\/page"}],"author":[{"embeddable":true,"href":"https:\/\/cienciasbahia.org.br\/novo\/wp-json\/wp\/v2\/users\/1"}],"replies":[{"embeddable":true,"href":"https:\/\/cienciasbahia.org.br\/novo\/wp-json\/wp\/v2\/comments?post=1546"}],"version-history":[{"count":20,"href":"https:\/\/cienciasbahia.org.br\/novo\/wp-json\/wp\/v2\/pages\/1546\/revisions"}],"predecessor-version":[{"id":7989,"href":"https:\/\/cienciasbahia.org.br\/novo\/wp-json\/wp\/v2\/pages\/1546\/revisions\/7989"}],"wp:attachment":[{"href":"https:\/\/cienciasbahia.org.br\/novo\/wp-json\/wp\/v2\/media?parent=1546"}],"curies":[{"name":"wp","href":"https:\/\/api.w.org\/{rel}","templated":true}]}}